, what is -469 + 4?
-465
In base 12, what is -1b + -25?
-44
In base 8, what is -4 + -3541?
-3545
In base 12, what is 0 + aa?
aa
In base 10, what is 11 - -198?
209
In base 16, what is 0 + 26?
26
In base 4, what is -10 - -232?
222
In base 14, what is -4a - 5?
-51
In base 8, what is 2 + -454?
-452
In base 16, what is -38 + -a0?
-d8
In base 6, what is -5534 - -2?
-5532
In base 13, what is 1b5c + -2?
1b5a
In base 14, what is -2 + -4c?
-50
In base 6, what is 32 - -444?
520
In base 8, what is -353 + 2?
-351
In base 2, what is -100011000111 - 1?
-100011001000
In base 7, what is 52 + -4?
45
In base 10, what is 190 - 5?
185
In base 3, what is -1022 - 100?
-1122
In base 10, what is 0 + -164?
-164
In base 2, what is 111100 + 11?
111111
In base 13, what is -3a - 2?
-3c
In base 5, what is 1 + 1404?
1410
In base 9, what is 10 - 357?
-347
In base 6, what is -220 - 2?
-222
In base 12, what is -277 - 1?
-278
In base 10, what is 0 - 280?
-280
In base 2, what is -10011011 + 11?
-10011000
In base 7, what is 4243 + -14?
4226
In base 2, what is 1000010 - 100?
111110
In base 3, what is -2 - -2221221?
2221212
In base 13, what is -4 - 79?
-80
In base 4, what is -1111123 + 0?
-1111123
In base 6, what is -150 - -1?
-145
In base 4, what is 310 - 22?
222
In base 7, what is -1543 + -1?
-1544
In base 2, what is 101 - -1001111010?
1001111111
In base 7, what is -106 - -136?
30
In base 5, what is 4 + -30?
-21
In base 16, what is 2 + 81?
83
In base 11, what is -112 + -10?
-122
In base 9, what is 56 - -4?
61
In base 12, what is 527 - -3?
52a
In base 7, what is -3 - -133?
130
In base 13, what is 18 - -21?
39
In base 14, what is 17 + -a0?
-87
In base 16, what is 9 + -3b?
-32
In base 15, what is -aa43 - -2?
-aa41
In base 12, what is 99 + 2?
9b
In base 14, what is 2 - -c?
10
In base 4, what is 120 + -1?
113
In base 3, what is 1211 - 0?
1211
In base 10, what is -11556 + 1?
-11555
In base 2, what is 10100 + 10?
10110
In base 5, what is 132 - 324?
-142
In base 5, what is 2 + -224?
-222
In base 10, what is -2 + -2?
-4
In base 10, what is 13791 + 4?
13795
In base 9, what is 5 - 54?
-48
In base 15, what is 5 - -54?
59
In base 3, what is 12 + 120220?
121002
In base 13, what is -59 + -1?
-5a
In base 9, what is 77 + 68?
156
In base 14, what is -53 + -5?
-58
In base 11, what is 1668 + 1?
1669
In base 10, what is 1 - 27?
-26
In base 2, what is 1010 - 110110?
-101100
In base 3, what is 2 - 10100?
-10021
In base 8, what is 72 + -4?
66
In base 8, what is 26303 + -5?
26276
In base 8, what is 156 - 0?
156
In base 4, what is 22 + 11332?
12020
In base 4, what is -23 + 1103?
1020
In base 11, what is -4 + -640?
-644
In base 16, what is -1 - 87c?
-87d
In base 6, what is 23525 - -2?
23531
In base 8, what is 540 - 15?
523
In base 8, what is 5 - 31?
-24
In base 7, what is -4 + 133?
126
In base 5, what is 14 + 1?
20
In base 8, what is -17675 - -4?
-17671
In base 7, what is 26 + -206?
-150
In base 14, what is -2 + -2a?
-2c
In base 4, what is -2331301 + -1?
-2331302
In base 13, what is -33 + -43?
-76
In base 14, what is -12 - 1?
-13
In base 2, what is 100010001111 + -11?
100010001100
In base 13, what is 181 - 5?
179
In base 14, what is 0 - 7?
-7
In base 14, what is -2 + 38?
36
In base 9, what is -3043 - 3?
-3046
In base 12, what is -8 + -86b?
-877
In base 15, what is -68 - 0?
-68
In base 9, what is -434 - 3?
-437
In base 10, what is -33 + 2?
-31
In base 6, what is -4 + 53?
45
In base 7, what is 11 + -206?
-165
In base 14, what is 63 + 2?
65
In base 9, what is -683 - -11?
-672
In base 16, what is 3 - -1ec?
1ef
In base 8, what is 12 + -2?
10
In base 13, what is 1 + -97?
-96
In base 11, what is -2a8 - -2?
-2a6
In base 5, what is 10 - -100403?
100413
In base 11, what is 8 + -113?
-106
In base 8, what is 376 + 5?
403
In base 14, what is -85 + -26?
-ab
In base 15, what is -3 + -ae?
-b2
In base 13, what is -1a + -49?
-66
In base 7, what is 1 - 1306?
-1305
In base 16, what is 3836 - 1?
3835
In base 14, what is -85c - 2?
-860
In base 13, what is -4 - -9ca?
9c6
In base 3, what is -1102210 - 11?
-1102221
In base 10, what is 0 - 19?
-19
In base 5, what is -3043 + -10?
-3103
In base 14, what is c95 - -3?
c98
In base 6, what is 1 + 34415?
34420
In base 12, what is -39a - 2?
-3a0
In base 8, what is 46 - 5?
41
In base 16, what is -1 + -30?
-31
In base 12, what is 37 + -29?
a
In base 3, what is 10112 + 21?
10210
In base 13, what is 137 - 4?
133
In base 10, what is 4 + 45?
49
In base 14, what is -6a + -c?
-78
In base 10, what is -821 - -6?
-815
In base 2, what is -101 + 1011000?
1010011
In base 5, what is 13 + -14?
-1
In base 9, what is 1238 - -1?
1240
In base 6, what is 50 + -30?
20
In base 9, what is 7 + 21?
28
In base 15, what is -2 - -9c?
9a
In base 13, what is -2 - -1cb0?
1cab
In base 11, what is -1 - 988?
-989
In base 15, what is 5 + -4d?
-48
In base 5, what is 341111 - 1?
341110
In base 2, what is -110101010 - 101?
-110101111
In base 4, what is 122 + 20?
202
In base 7, what is 5 - -141?
146
In base 16, what is -1 - 12b?
-12c
In base 8, what is 5345 + 0?
5345
In base 11, what is a - 11?
-2
In base 14, what is 5 - -d5?
da
In base 10, what is 2 - 186?
-184
In base 5, what is 0 + -43110?
-43110
In base 13, what is 5 + 123?
128
In base 12, what is 3 + -2a41?
-2a3a
In base 12, what is 22 - -3?
25
In base 13, what is 19 - 6?
13
In base 14, what is 5 - 58b?
-586
In base 3, what is -102 - -102?
0
In base 8, what is 2 - 61?
-57
In base 7, what is -3 - -50?
44
In base 9, what is 4332 + -3?
4328
In base 6, what is 4 - -3224?
3232
In base 4, what is -11 - -133?
122
In base 15, what is -66d + -3?
-671
In base 6, what is 55 + 1?
100
In base 5, what is 4 - -12414?
12423
In base 9, what is -4 - -21?
16
In base 7, what is -3 - 120?
-123
In base 10, what is -8 - -180?
172
In base 14, what is -13 + 61?
4c
In base 10, what is -5 - 8?
-13
In base 14, what is -1237 - 0?
-1237
In base 4, what is 222 - 11?
211
In base 14, what is 11 - d8?
-c7
In base 6, what is 20 - 1415?
-1355
In base 12, what is 1bb + -2?
1b9
In base 4, what is 1300122 - -11?
1300133
In base 12, what is 9 + -a7?
-9a
In base 9, what is -74 - -3?
-71
In base 16, what is -b5 - -17?
-9e
In base 11, what is -1 - 3a4?
-3a5
In base 13, what is 7 + 1c?
26
In base 11, what is 2 - -2485?
2487
In base 13, what is -4b + 1?
-4a
In base 4, what is 3 + -1211?
-1202
In base 16, what is -2 + bf?
bd
In base 2, what is 11 + 10010001?
10010100
In base 13, what is -3 + -62?
-65
In base 5, what is 14441 - -10?
20001
In base 4, what is 1 - 323?
-322
In base 7, what is -242 - 3?
-245
In base 13, what is -25c6 + -3?
-25c9
In base 5, what is 2214 + -4?
2210
In base 9, what is 81 - 37?
43
In base 14, what is -4 + -28b?
-291
In base 5, what is -24 + 301?
222
In base 4, what is 1031 + -1320?
-223
In base 7, what is -4 + -163?
-200
In base 4, what is 3 - 310?
-301
In base 7, what is 1 - 1112?
-1111
In base 11, what is -4 + -146?
-14a
In base 7, what is -612 - 2?
-614
In base 12, what is 140 - 84?
78
In base 2, what is -1011 - -11101010?
11011111
In base 16, what is -128 - 0?
-128
In base 4, what is -13321113 - -10?
-13321103
In base 4, what is -2201 + -11?
-2212
In base 7, what is -34 + -4?
-41
In base 9, what is -101 + 18?
-72
In base 16, what is -6 - 325?
-32b
In base 15, what is -32 - -15?
-1c
In base 9, what is 2 + -80?
-77
In base 4, what is 3 + 1031321?
1031330
In base 9, what is -111 - 2?
-113
In base 10, what is 2490 + 4?
2494
In base 16, what is 1eb6 - -4?
1eba
In base 12, what is 2 - -1658?
165a
In base 15, what is -5 + -29?
-2e
In base 10, what is -5 + 262?
257
In base 8, what is 4 - 74?
-70
In base 3, what is 2 + 11222?
12001
In base 11, what is -4 + -37?
-40
In base 5, what is 4120 - 1?
4114
In base 9, what is 4 - 1?
3
In base 15, what is 10 - 3b?
-2b
In base 10, what is 5 - 826?
-821
In base 14, what is 9c + 10?
ac
In base 6, what is 1 - 111?
-110
In base 4, what is -1 + 0?
-1
In base 7, what is -331 - 14?
-345
In base 5, what is -30 + 20?
-10
In base 16, what is 97 - -2?
99
In base 10, what is 760 + -1?
759
In base 2, what is -101101110 - 100011?
-110010001
In base 12, what is 1119 + 7?
1124
In base 7, what is 144 - -23?
200
In base 14, what is -15 - 36c?
-383
In base 15, what is 2 - 5?
-3
In base 6, what is -4 - 3234?
-3242
In base 4, what is -33 - -133130?
133031
In base 12, what is -